{"id":2516,"date":"2026-04-05T04:41:26","date_gmt":"2026-04-05T04:41:26","guid":{"rendered":"https:\/\/forestales.ujed.mx\/web\/estancias-academicas\/"},"modified":"2026-04-20T02:54:06","modified_gmt":"2026-04-20T02:54:06","slug":"estancias-academicas","status":"publish","type":"page","link":"http:\/\/forestales.ujed.mx\/web\/estancias-academicas\/","title":{"rendered":"Estancias Acad\u00e9micas"},"content":{"rendered":"\n<p><\/p>\n\n\n\n<div class=\"wp-block-group is-layout-constrained wp-block-group-is-layout-constrained\">\n<div class=\"wp-block-columns is-layout-flex wp-container-core-columns-is-layout-28f84493 wp-block-columns-is-layout-flex\">\n<div class=\"wp-block-column is-layout-flow wp-block-column-is-layout-flow\" style=\"flex-basis:100%\">\n<h1 style=\"text-align: center;\">Impulsa tu Trayectoria: Estancias de Investigaci\u00f3n y Movilidad<\/h1>\n<p>&nbsp;<\/p>\n<p style=\"text-align: center;\" data-path-to-node=\"6\"><span style=\"color: #000000;\">\u00a0Las estancias acad\u00e9micas de la MGARFA busca promover la movilidad nacional e internacional de nuestra comunidad estudiantil. A trav\u00e9s del apoyo cient\u00edfico y la colaboraci\u00f3n en proyectos de alto nivel, fortalecemos tu perfil profesional y acad\u00e9mico.<\/span><\/p>\n<blockquote data-path-to-node=\"7\">\n<h4 style=\"text-align: center;\" data-path-to-node=\"7,0\"><i data-path-to-node=\"7,0\" data-index-in-node=\"0\">&#8220;La movilidad es indispensable para la formaci\u00f3n acad\u00e9mica integral.&#8221;<\/i><\/h4>\n<\/blockquote>\n<h3 style=\"text-align: center;\" data-path-to-node=\"8\"><b data-path-to-node=\"8\" data-index-in-node=\"0\">Beneficios de realizar una estancia:<\/b><\/h3>\n<p>&nbsp;<\/p>\n<\/div>\n<\/div>\n<\/div>\n\n\n\n<div class=\"wp-block-group is-layout-constrained wp-block-group-is-layout-constrained\">\n<div class=\"wp-block-columns is-layout-flex wp-container-core-columns-is-layout-28f84493 wp-block-columns-is-layout-flex\">\n<div class=\"wp-block-column is-layout-flow wp-block-column-is-layout-flow\" style=\"flex-basis:100%\">\n<figure class=\"wp-block-gallery has-nested-images columns-default is-cropped wp-block-gallery-1 is-layout-flex wp-block-gallery-is-layout-flex\">\n<figure data-wp-context=\"{&quot;imageId&quot;:&quot;69f18a2334d55&quot;}\" data-wp-interactive=\"core\/image\" data-wp-key=\"69f18a2334d55\" class=\"wp-block-image size-large wp-lightbox-container\"><img loading=\"lazy\" decoding=\"async\" width=\"1024\" height=\"559\" data-wp-class--hide=\"state.isContentHidden\" data-wp-class--show=\"state.isContentVisible\" data-wp-init=\"callbacks.setButtonStyles\" data-wp-on--click=\"actions.showLightbox\" data-wp-on--load=\"callbacks.setButtonStyles\" data-wp-on-window--resize=\"callbacks.setButtonStyles\" data-id=\"2615\" src=\"https:\/\/forestales.ujed.mx\/web\/wp-content\/uploads\/2026\/04\/6-2-1024x559.png\" alt=\"\" class=\"wp-image-2615\" srcset=\"http:\/\/forestales.ujed.mx\/web\/wp-content\/uploads\/2026\/04\/6-2-1024x559.png 1024w, http:\/\/forestales.ujed.mx\/web\/wp-content\/uploads\/2026\/04\/6-2-300x164.png 300w, http:\/\/forestales.ujed.mx\/web\/wp-content\/uploads\/2026\/04\/6-2-768x419.png 768w, http:\/\/forestales.ujed.mx\/web\/wp-content\/uploads\/2026\/04\/6-2-1536x839.png 1536w, http:\/\/forestales.ujed.mx\/web\/wp-content\/uploads\/2026\/04\/6-2.png 1844w\" sizes=\"auto, (max-width: 1024px) 100vw, 1024px\" \/><button\n\t\t\tclass=\"lightbox-trigger\"\n\t\t\ttype=\"button\"\n\t\t\taria-haspopup=\"dialog\"\n\t\t\taria-label=\"Agrandar\"\n\t\t\tdata-wp-init=\"callbacks.initTriggerButton\"\n\t\t\tdata-wp-on--click=\"actions.showLightbox\"\n\t\t\tdata-wp-style--right=\"state.imageButtonRight\"\n\t\t\tdata-wp-style--top=\"state.imageButtonTop\"\n\t\t>\n\t\t\t<svg xmlns=\"http:\/\/www.w3.org\/2000\/svg\" width=\"12\" height=\"12\" fill=\"none\" viewBox=\"0 0 12 12\">\n\t\t\t\t<path fill=\"#fff\" d=\"M2 0a2 2 0 0 0-2 2v2h1.5V2a.5.5 0 0 1 .5-.5h2V0H2Zm2 10.5H2a.5.5 0 0 1-.5-.5V8H0v2a2 2 0 0 0 2 2h2v-1.5ZM8 12v-1.5h2a.5.5 0 0 0 .5-.5V8H12v2a2 2 0 0 1-2 2H8Zm2-12a2 2 0 0 1 2 2v2h-1.5V2a.5.5 0 0 0-.5-.5H8V0h2Z\" \/>\n\t\t\t<\/svg>\n\t\t<\/button><\/figure>\n\n\n\n<figure data-wp-context=\"{&quot;imageId&quot;:&quot;69f18a23351e8&quot;}\" data-wp-interactive=\"core\/image\" data-wp-key=\"69f18a23351e8\" class=\"wp-block-image size-large wp-lightbox-container\"><img loading=\"lazy\" decoding=\"async\" width=\"1024\" height=\"552\" data-wp-class--hide=\"state.isContentHidden\" data-wp-class--show=\"state.isContentVisible\" data-wp-init=\"callbacks.setButtonStyles\" data-wp-on--click=\"actions.showLightbox\" data-wp-on--load=\"callbacks.setButtonStyles\" data-wp-on-window--resize=\"callbacks.setButtonStyles\" data-id=\"2616\" src=\"https:\/\/forestales.ujed.mx\/web\/wp-content\/uploads\/2026\/04\/5-2-1024x552.png\" alt=\"\" class=\"wp-image-2616\" srcset=\"http:\/\/forestales.ujed.mx\/web\/wp-content\/uploads\/2026\/04\/5-2-1024x552.png 1024w, http:\/\/forestales.ujed.mx\/web\/wp-content\/uploads\/2026\/04\/5-2-300x162.png 300w, http:\/\/forestales.ujed.mx\/web\/wp-content\/uploads\/2026\/04\/5-2-768x414.png 768w, http:\/\/forestales.ujed.mx\/web\/wp-content\/uploads\/2026\/04\/5-2-1536x828.png 1536w, http:\/\/forestales.ujed.mx\/web\/wp-content\/uploads\/2026\/04\/5-2.png 1866w\" sizes=\"auto, (max-width: 1024px) 100vw, 1024px\" \/><button\n\t\t\tclass=\"lightbox-trigger\"\n\t\t\ttype=\"button\"\n\t\t\taria-haspopup=\"dialog\"\n\t\t\taria-label=\"Agrandar\"\n\t\t\tdata-wp-init=\"callbacks.initTriggerButton\"\n\t\t\tdata-wp-on--click=\"actions.showLightbox\"\n\t\t\tdata-wp-style--right=\"state.imageButtonRight\"\n\t\t\tdata-wp-style--top=\"state.imageButtonTop\"\n\t\t>\n\t\t\t<svg xmlns=\"http:\/\/www.w3.org\/2000\/svg\" width=\"12\" height=\"12\" fill=\"none\" viewBox=\"0 0 12 12\">\n\t\t\t\t<path fill=\"#fff\" d=\"M2 0a2 2 0 0 0-2 2v2h1.5V2a.5.5 0 0 1 .5-.5h2V0H2Zm2 10.5H2a.5.5 0 0 1-.5-.5V8H0v2a2 2 0 0 0 2 2h2v-1.5ZM8 12v-1.5h2a.5.5 0 0 0 .5-.5V8H12v2a2 2 0 0 1-2 2H8Zm2-12a2 2 0 0 1 2 2v2h-1.5V2a.5.5 0 0 0-.5-.5H8V0h2Z\" \/>\n\t\t\t<\/svg>\n\t\t<\/button><\/figure>\n\n\n\n<figure data-wp-context=\"{&quot;imageId&quot;:&quot;69f18a233561f&quot;}\" data-wp-interactive=\"core\/image\" data-wp-key=\"69f18a233561f\" class=\"wp-block-image size-large wp-lightbox-container\"><img loading=\"lazy\" decoding=\"async\" width=\"1024\" height=\"576\" data-wp-class--hide=\"state.isContentHidden\" data-wp-class--show=\"state.isContentVisible\" data-wp-init=\"callbacks.setButtonStyles\" data-wp-on--click=\"actions.showLightbox\" data-wp-on--load=\"callbacks.setButtonStyles\" data-wp-on-window--resize=\"callbacks.setButtonStyles\" data-id=\"2617\" src=\"https:\/\/forestales.ujed.mx\/web\/wp-content\/uploads\/2026\/04\/4-3-1024x576.png\" alt=\"\" class=\"wp-image-2617\" srcset=\"http:\/\/forestales.ujed.mx\/web\/wp-content\/uploads\/2026\/04\/4-3-1024x576.png 1024w, http:\/\/forestales.ujed.mx\/web\/wp-content\/uploads\/2026\/04\/4-3-300x169.png 300w, http:\/\/forestales.ujed.mx\/web\/wp-content\/uploads\/2026\/04\/4-3-768x432.png 768w, http:\/\/forestales.ujed.mx\/web\/wp-content\/uploads\/2026\/04\/4-3-1536x865.png 1536w, http:\/\/forestales.ujed.mx\/web\/wp-content\/uploads\/2026\/04\/4-3.png 1755w\" sizes=\"auto, (max-width: 1024px) 100vw, 1024px\" \/><button\n\t\t\tclass=\"lightbox-trigger\"\n\t\t\ttype=\"button\"\n\t\t\taria-haspopup=\"dialog\"\n\t\t\taria-label=\"Agrandar\"\n\t\t\tdata-wp-init=\"callbacks.initTriggerButton\"\n\t\t\tdata-wp-on--click=\"actions.showLightbox\"\n\t\t\tdata-wp-style--right=\"state.imageButtonRight\"\n\t\t\tdata-wp-style--top=\"state.imageButtonTop\"\n\t\t>\n\t\t\t<svg xmlns=\"http:\/\/www.w3.org\/2000\/svg\" width=\"12\" height=\"12\" fill=\"none\" viewBox=\"0 0 12 12\">\n\t\t\t\t<path fill=\"#fff\" d=\"M2 0a2 2 0 0 0-2 2v2h1.5V2a.5.5 0 0 1 .5-.5h2V0H2Zm2 10.5H2a.5.5 0 0 1-.5-.5V8H0v2a2 2 0 0 0 2 2h2v-1.5ZM8 12v-1.5h2a.5.5 0 0 0 .5-.5V8H12v2a2 2 0 0 1-2 2H8Zm2-12a2 2 0 0 1 2 2v2h-1.5V2a.5.5 0 0 0-.5-.5H8V0h2Z\" \/>\n\t\t\t<\/svg>\n\t\t<\/button><\/figure>\n\n\n\n<figure data-wp-context=\"{&quot;imageId&quot;:&quot;69f18a2335a5c&quot;}\" data-wp-interactive=\"core\/image\" data-wp-key=\"69f18a2335a5c\" class=\"wp-block-image size-large wp-lightbox-container\"><img loading=\"lazy\" decoding=\"async\" width=\"1024\" height=\"525\" data-wp-class--hide=\"state.isContentHidden\" data-wp-class--show=\"state.isContentVisible\" data-wp-init=\"callbacks.setButtonStyles\" data-wp-on--click=\"actions.showLightbox\" data-wp-on--load=\"callbacks.setButtonStyles\" data-wp-on-window--resize=\"callbacks.setButtonStyles\" data-id=\"2618\" src=\"https:\/\/forestales.ujed.mx\/web\/wp-content\/uploads\/2026\/04\/3-4-1024x525.png\" alt=\"\" class=\"wp-image-2618\" srcset=\"http:\/\/forestales.ujed.mx\/web\/wp-content\/uploads\/2026\/04\/3-4-1024x525.png 1024w, http:\/\/forestales.ujed.mx\/web\/wp-content\/uploads\/2026\/04\/3-4-300x154.png 300w, http:\/\/forestales.ujed.mx\/web\/wp-content\/uploads\/2026\/04\/3-4-768x394.png 768w, http:\/\/forestales.ujed.mx\/web\/wp-content\/uploads\/2026\/04\/3-4-1536x787.png 1536w, http:\/\/forestales.ujed.mx\/web\/wp-content\/uploads\/2026\/04\/3-4.png 1801w\" sizes=\"auto, (max-width: 1024px) 100vw, 1024px\" \/><button\n\t\t\tclass=\"lightbox-trigger\"\n\t\t\ttype=\"button\"\n\t\t\taria-haspopup=\"dialog\"\n\t\t\taria-label=\"Agrandar\"\n\t\t\tdata-wp-init=\"callbacks.initTriggerButton\"\n\t\t\tdata-wp-on--click=\"actions.showLightbox\"\n\t\t\tdata-wp-style--right=\"state.imageButtonRight\"\n\t\t\tdata-wp-style--top=\"state.imageButtonTop\"\n\t\t>\n\t\t\t<svg xmlns=\"http:\/\/www.w3.org\/2000\/svg\" width=\"12\" height=\"12\" fill=\"none\" viewBox=\"0 0 12 12\">\n\t\t\t\t<path fill=\"#fff\" d=\"M2 0a2 2 0 0 0-2 2v2h1.5V2a.5.5 0 0 1 .5-.5h2V0H2Zm2 10.5H2a.5.5 0 0 1-.5-.5V8H0v2a2 2 0 0 0 2 2h2v-1.5ZM8 12v-1.5h2a.5.5 0 0 0 .5-.5V8H12v2a2 2 0 0 1-2 2H8Zm2-12a2 2 0 0 1 2 2v2h-1.5V2a.5.5 0 0 0-.5-.5H8V0h2Z\" \/>\n\t\t\t<\/svg>\n\t\t<\/button><\/figure>\n\n\n\n<figure data-wp-context=\"{&quot;imageId&quot;:&quot;69f18a2335e8f&quot;}\" data-wp-interactive=\"core\/image\" data-wp-key=\"69f18a2335e8f\" class=\"wp-block-image size-large wp-lightbox-container\"><img loading=\"lazy\" decoding=\"async\" width=\"1024\" height=\"524\" data-wp-class--hide=\"state.isContentHidden\" data-wp-class--show=\"state.isContentVisible\" data-wp-init=\"callbacks.setButtonStyles\" data-wp-on--click=\"actions.showLightbox\" data-wp-on--load=\"callbacks.setButtonStyles\" data-wp-on-window--resize=\"callbacks.setButtonStyles\" data-id=\"2619\" src=\"https:\/\/forestales.ujed.mx\/web\/wp-content\/uploads\/2026\/04\/2-5-1024x524.png\" alt=\"\" class=\"wp-image-2619\" srcset=\"http:\/\/forestales.ujed.mx\/web\/wp-content\/uploads\/2026\/04\/2-5-1024x524.png 1024w, http:\/\/forestales.ujed.mx\/web\/wp-content\/uploads\/2026\/04\/2-5-300x154.png 300w, http:\/\/forestales.ujed.mx\/web\/wp-content\/uploads\/2026\/04\/2-5-768x393.png 768w, http:\/\/forestales.ujed.mx\/web\/wp-content\/uploads\/2026\/04\/2-5-1536x786.png 1536w, http:\/\/forestales.ujed.mx\/web\/wp-content\/uploads\/2026\/04\/2-5.png 1653w\" sizes=\"auto, (max-width: 1024px) 100vw, 1024px\" \/><button\n\t\t\tclass=\"lightbox-trigger\"\n\t\t\ttype=\"button\"\n\t\t\taria-haspopup=\"dialog\"\n\t\t\taria-label=\"Agrandar\"\n\t\t\tdata-wp-init=\"callbacks.initTriggerButton\"\n\t\t\tdata-wp-on--click=\"actions.showLightbox\"\n\t\t\tdata-wp-style--right=\"state.imageButtonRight\"\n\t\t\tdata-wp-style--top=\"state.imageButtonTop\"\n\t\t>\n\t\t\t<svg xmlns=\"http:\/\/www.w3.org\/2000\/svg\" width=\"12\" height=\"12\" fill=\"none\" viewBox=\"0 0 12 12\">\n\t\t\t\t<path fill=\"#fff\" d=\"M2 0a2 2 0 0 0-2 2v2h1.5V2a.5.5 0 0 1 .5-.5h2V0H2Zm2 10.5H2a.5.5 0 0 1-.5-.5V8H0v2a2 2 0 0 0 2 2h2v-1.5ZM8 12v-1.5h2a.5.5 0 0 0 .5-.5V8H12v2a2 2 0 0 1-2 2H8Zm2-12a2 2 0 0 1 2 2v2h-1.5V2a.5.5 0 0 0-.5-.5H8V0h2Z\" \/>\n\t\t\t<\/svg>\n\t\t<\/button><\/figure>\n\n\n\n<figure data-wp-context=\"{&quot;imageId&quot;:&quot;69f18a23362c0&quot;}\" data-wp-interactive=\"core\/image\" data-wp-key=\"69f18a23362c0\" class=\"wp-block-image size-large wp-lightbox-container\"><img loading=\"lazy\" decoding=\"async\" width=\"1024\" height=\"534\" data-wp-class--hide=\"state.isContentHidden\" data-wp-class--show=\"state.isContentVisible\" data-wp-init=\"callbacks.setButtonStyles\" data-wp-on--click=\"actions.showLightbox\" data-wp-on--load=\"callbacks.setButtonStyles\" data-wp-on-window--resize=\"callbacks.setButtonStyles\" data-id=\"2620\" src=\"https:\/\/forestales.ujed.mx\/web\/wp-content\/uploads\/2026\/04\/1-5-1024x534.png\" alt=\"\" class=\"wp-image-2620\" srcset=\"http:\/\/forestales.ujed.mx\/web\/wp-content\/uploads\/2026\/04\/1-5-1024x534.png 1024w, http:\/\/forestales.ujed.mx\/web\/wp-content\/uploads\/2026\/04\/1-5-300x156.png 300w, http:\/\/forestales.ujed.mx\/web\/wp-content\/uploads\/2026\/04\/1-5-768x400.png 768w, http:\/\/forestales.ujed.mx\/web\/wp-content\/uploads\/2026\/04\/1-5-1536x800.png 1536w, http:\/\/forestales.ujed.mx\/web\/wp-content\/uploads\/2026\/04\/1-5.png 1710w\" sizes=\"auto, (max-width: 1024px) 100vw, 1024px\" \/><button\n\t\t\tclass=\"lightbox-trigger\"\n\t\t\ttype=\"button\"\n\t\t\taria-haspopup=\"dialog\"\n\t\t\taria-label=\"Agrandar\"\n\t\t\tdata-wp-init=\"callbacks.initTriggerButton\"\n\t\t\tdata-wp-on--click=\"actions.showLightbox\"\n\t\t\tdata-wp-style--right=\"state.imageButtonRight\"\n\t\t\tdata-wp-style--top=\"state.imageButtonTop\"\n\t\t>\n\t\t\t<svg xmlns=\"http:\/\/www.w3.org\/2000\/svg\" width=\"12\" height=\"12\" fill=\"none\" viewBox=\"0 0 12 12\">\n\t\t\t\t<path fill=\"#fff\" d=\"M2 0a2 2 0 0 0-2 2v2h1.5V2a.5.5 0 0 1 .5-.5h2V0H2Zm2 10.5H2a.5.5 0 0 1-.5-.5V8H0v2a2 2 0 0 0 2 2h2v-1.5ZM8 12v-1.5h2a.5.5 0 0 0 .5-.5V8H12v2a2 2 0 0 1-2 2H8Zm2-12a2 2 0 0 1 2 2v2h-1.5V2a.5.5 0 0 0-.5-.5H8V0h2Z\" \/>\n\t\t\t<\/svg>\n\t\t<\/button><\/figure>\n<\/figure>\n<\/div>\n<\/div>\n<\/div>\n\n\n\n<p><\/p>\n\n\n\n<p><\/p>\n","protected":false},"excerpt":{"rendered":"<p>Impulsa tu Trayectoria: Estancias de Investigaci\u00f3n y Movilidad &nbsp; \u00a0Las estancias acad\u00e9micas de la MGARFA busca promover la movilidad nacional e internacional de nuestra comunidad estudiantil. A trav\u00e9s del apoyo cient\u00edfico y la colaboraci\u00f3n en proyectos de alto nivel, fortalecemos tu perfil profesional y acad\u00e9mico. &#8220;La movilidad es indispensable para la formaci\u00f3n acad\u00e9mica integral.&#8221; Beneficios&#8230;<\/p>\n","protected":false},"author":2,"featured_media":0,"parent":0,"menu_order":0,"comment_status":"closed","ping_status":"closed","template":"","meta":{"footnotes":""},"class_list":["post-2516","page","type-page","status-publish","hentry"],"_links":{"self":[{"href":"http:\/\/forestales.ujed.mx\/web\/wp-json\/wp\/v2\/pages\/2516","targetHints":{"allow":["GET"]}}],"collection":[{"href":"http:\/\/forestales.ujed.mx\/web\/wp-json\/wp\/v2\/pages"}],"about":[{"href":"http:\/\/forestales.ujed.mx\/web\/wp-json\/wp\/v2\/types\/page"}],"author":[{"embeddable":true,"href":"http:\/\/forestales.ujed.mx\/web\/wp-json\/wp\/v2\/users\/2"}],"replies":[{"embeddable":true,"href":"http:\/\/forestales.ujed.mx\/web\/wp-json\/wp\/v2\/comments?post=2516"}],"version-history":[{"count":11,"href":"http:\/\/forestales.ujed.mx\/web\/wp-json\/wp\/v2\/pages\/2516\/revisions"}],"predecessor-version":[{"id":2662,"href":"http:\/\/forestales.ujed.mx\/web\/wp-json\/wp\/v2\/pages\/2516\/revisions\/2662"}],"wp:attachment":[{"href":"http:\/\/forestales.ujed.mx\/web\/wp-json\/wp\/v2\/media?parent=2516"}],"curies":[{"name":"wp","href":"https:\/\/api.w.org\/{rel}","templated":true}]}}