{"id":830,"date":"2024-08-21T19:36:32","date_gmt":"2024-08-21T19:36:32","guid":{"rendered":"http:\/\/forestales.ujed.mx\/web\/?page_id=830"},"modified":"2024-08-28T17:51:19","modified_gmt":"2024-08-28T17:51:19","slug":"sistema-educativo-mexicano","status":"publish","type":"page","link":"http:\/\/forestales.ujed.mx\/web\/sistema-educativo-mexicano\/","title":{"rendered":"Sistema Educativo Mexicano"},"content":{"rendered":"\n<div class=\"wp-block-group is-layout-constrained wp-block-group-is-layout-constrained\">\n<p>&nbsp;<\/p>\n\n\n\n<h2 class=\"wp-block-heading has-text-align-center has-x-large-font-size\">Sistema Educativo Mexicano<\/h2>\n\n\n\n<p class=\"has-big-font-size\">A continuaci\u00f3n se presenta un esquema que muestra informaci\u00f3n sobre el sistema educativo mexicano, fundamentado en el Art\u00edculo 3\u00b0 Constitucional, tomado del Sistema Educativo de los Estados Unidos Mexicanos.<\/p>\n\n\n\n<p class=\"has-big-font-size\">Esquema General del Sistema Educativo Nacional<\/p>\n\n\n\n<p class=\"has-text-align-center has-big-font-size\">Servicios Educativos Escolarizados<\/p>\n<\/div>\n\n\n\n<figure data-wp-context=\"{&quot;imageId&quot;:&quot;69eaeee1c1b49&quot;}\" data-wp-interactive=\"core\/image\" data-wp-key=\"69eaeee1c1b49\" class=\"wp-block-image aligncenter size-full wp-lightbox-container\"><img loading=\"lazy\" decoding=\"async\" width=\"856\" height=\"494\" data-wp-class--hide=\"state.isContentHidden\" data-wp-class--show=\"state.isContentVisible\" data-wp-init=\"callbacks.setButtonStyles\" data-wp-on--click=\"actions.showLightbox\" data-wp-on--load=\"callbacks.setButtonStyles\" data-wp-on-window--resize=\"callbacks.setButtonStyles\" src=\"http:\/\/forestales.ujed.mx\/web\/wp-content\/uploads\/2024\/08\/Captura-de-pantalla-176.png\" alt=\"\" class=\"wp-image-984\" srcset=\"http:\/\/forestales.ujed.mx\/web\/wp-content\/uploads\/2024\/08\/Captura-de-pantalla-176.png 856w, http:\/\/forestales.ujed.mx\/web\/wp-content\/uploads\/2024\/08\/Captura-de-pantalla-176-300x173.png 300w, http:\/\/forestales.ujed.mx\/web\/wp-content\/uploads\/2024\/08\/Captura-de-pantalla-176-768x443.png 768w\" sizes=\"auto, (max-width: 856px) 100vw, 856px\" \/><button\n\t\t\tclass=\"lightbox-trigger\"\n\t\t\ttype=\"button\"\n\t\t\taria-haspopup=\"dialog\"\n\t\t\taria-label=\"Agrandar\"\n\t\t\tdata-wp-init=\"callbacks.initTriggerButton\"\n\t\t\tdata-wp-on--click=\"actions.showLightbox\"\n\t\t\tdata-wp-style--right=\"state.imageButtonRight\"\n\t\t\tdata-wp-style--top=\"state.imageButtonTop\"\n\t\t>\n\t\t\t<svg xmlns=\"http:\/\/www.w3.org\/2000\/svg\" width=\"12\" height=\"12\" fill=\"none\" viewBox=\"0 0 12 12\">\n\t\t\t\t<path fill=\"#fff\" d=\"M2 0a2 2 0 0 0-2 2v2h1.5V2a.5.5 0 0 1 .5-.5h2V0H2Zm2 10.5H2a.5.5 0 0 1-.5-.5V8H0v2a2 2 0 0 0 2 2h2v-1.5ZM8 12v-1.5h2a.5.5 0 0 0 .5-.5V8H12v2a2 2 0 0 1-2 2H8Zm2-12a2 2 0 0 1 2 2v2h-1.5V2a.5.5 0 0 0-.5-.5H8V0h2Z\" \/>\n\t\t\t<\/svg>\n\t\t<\/button><figcaption class=\"wp-element-caption\">Fuente:&nbsp;<em>Sistema Educativo de los Estados Unidos Mexicanos<\/em><\/figcaption><\/figure>\n","protected":false},"excerpt":{"rendered":"<p>&nbsp; Sistema Educativo Mexicano A continuaci\u00f3n se presenta un esquema que muestra informaci\u00f3n sobre el sistema educativo mexicano, fundamentado en el Art\u00edculo 3\u00b0 Constitucional, tomado del Sistema Educativo de los Estados Unidos Mexicanos. Esquema General del Sistema Educativo Nacional Servicios Educativos Escolarizados<\/p>\n","protected":false},"author":2,"featured_media":0,"parent":0,"menu_order":0,"comment_status":"closed","ping_status":"closed","template":"","meta":{"footnotes":""},"class_list":["post-830","page","type-page","status-publish","hentry"],"_links":{"self":[{"href":"http:\/\/forestales.ujed.mx\/web\/wp-json\/wp\/v2\/pages\/830","targetHints":{"allow":["GET"]}}],"collection":[{"href":"http:\/\/forestales.ujed.mx\/web\/wp-json\/wp\/v2\/pages"}],"about":[{"href":"http:\/\/forestales.ujed.mx\/web\/wp-json\/wp\/v2\/types\/page"}],"author":[{"embeddable":true,"href":"http:\/\/forestales.ujed.mx\/web\/wp-json\/wp\/v2\/users\/2"}],"replies":[{"embeddable":true,"href":"http:\/\/forestales.ujed.mx\/web\/wp-json\/wp\/v2\/comments?post=830"}],"version-history":[{"count":4,"href":"http:\/\/forestales.ujed.mx\/web\/wp-json\/wp\/v2\/pages\/830\/revisions"}],"predecessor-version":[{"id":1330,"href":"http:\/\/forestales.ujed.mx\/web\/wp-json\/wp\/v2\/pages\/830\/revisions\/1330"}],"wp:attachment":[{"href":"http:\/\/forestales.ujed.mx\/web\/wp-json\/wp\/v2\/media?parent=830"}],"curies":[{"name":"wp","href":"https:\/\/api.w.org\/{rel}","templated":true}]}}