{"id":20,"date":"2018-03-14T13:09:11","date_gmt":"2018-03-14T19:09:11","guid":{"rendered":"http:\/\/forestales.ujed.mx\/dicaf\/?page_id=20"},"modified":"2021-07-30T01:54:02","modified_gmt":"2021-07-30T07:54:02","slug":"objetivos-del-posgrado","status":"publish","type":"page","link":"https:\/\/forestales.ujed.mx\/dicaf\/objetivos-del-posgrado\/","title":{"rendered":"Objetivos del posgrado"},"content":{"rendered":"<ol>\n<li><strong>Objetivo institucional.<\/strong><\/li>\n<\/ol>\n<ul>\n<li>Consolidar la oferta educativa de posgrado a nivel doctoral en el \u00e1rea de ciencias agropecuarias \u00a0y\u00a0 \u00a0forestales,\u00a0 \u00a0estableciendo\u00a0\u00a0 sinergias\u00a0 \u00a0entre\u00a0\u00a0 los\u00a0 \u00a0n\u00facleos\u00a0 \u00a0de profesores e investigadores de tiempo completo y la disponibilidad com\u00fan de infraestructura y recursos para contribuir a la formaci\u00f3n de recursos humanos de calidad, pertinentes con el desarrollo sustentable de la regi\u00f3n y del pa\u00eds.<\/li>\n<\/ul>\n<p><strong>\u00a0<\/strong><\/p>\n<ol start=\"2\">\n<li><strong> Objetivo general<\/strong><\/li>\n<\/ol>\n<ul>\n<li>Formar doctores en Ciencias Agropecuarias y Forestales con enfoque integral altamente habilitados para generar y aplicar el conocimiento en forma original, innovadora y pertinente con impacto en la soluci\u00f3n de la problem\u00e1tica agr\u00edcola, pecuaria, forestal y ambiental al nivel regional y nacional para contribuir al desarrollo sustentable del Pa\u00eds.<\/li>\n<\/ul>\n<ol start=\"3\">\n<li><strong> Objetivos espec\u00edficos<\/strong><\/li>\n<\/ol>\n<ul>\n<li>Formar doctores que apliquen enfoques te\u00f3rico-metodol\u00f3gicos de frontera para que desarrollen investigaci\u00f3n con una visi\u00f3n hol\u00edstica.<\/li>\n<li>Procurar que el egresado desarrolle conocimiento cient\u00edfico tecnol\u00f3gico para la atenci\u00f3n de las necesidades sociales y los problemas de la realidad agropecuaria y forestal, de tal modo que se constituyan en objetos de investigaci\u00f3n de acuerdo a las \u00a0L\u00edneas \u00a0de \u00a0Generaci\u00f3n \u00a0y \u00a0Aplicaci\u00f3n\u00a0 del \u00a0Conocimiento \u00a0(LGyAC) \u00a0de \u00a0los Cuerpos Acad\u00e9micos que participan en el program<\/li>\n<li>Promover que el egresado de este programa dise\u00f1e tecnolog\u00edas susceptibles de validaci\u00f3n y aplicaci\u00f3n en la soluci\u00f3n de la problem\u00e1tica actual de los sectores agr\u00edcola, pecuario y forestal del Estado y del Pa\u00eds.<\/li>\n<li>Formar a los alumnos en el proceso prospectivo cient\u00edfico-tecnol\u00f3gico que oriente el desarrollo de los sectores estrat\u00e9gicos de la regi\u00f3n y del Pa\u00eds.<\/li>\n<li>Lograr que los egresados se formen con los criterios axiol\u00f3gicos, \u00e9ticos y bio\u00e9ticos que normen y garanticen el desarrollo y la seguridad humana.<\/li>\n<\/ul>\n","protected":false},"excerpt":{"rendered":"<p>Objetivo institucional. Consolidar la oferta educativa de posgrado a nivel doctoral en el \u00e1rea de ciencias agropecuarias \u00a0y\u00a0 \u00a0forestales,\u00a0 \u00a0estableciendo\u00a0\u00a0 sinergias\u00a0 \u00a0entre\u00a0\u00a0 los\u00a0 \u00a0n\u00facleos\u00a0 \u00a0de profesores e investigadores de tiempo completo y la disponibilidad com\u00fan de infraestructura y recursos para <a href=\"https:\/\/forestales.ujed.mx\/dicaf\/objetivos-del-posgrado\/\" class=\"read-more\">Leer mas&#8230;<\/a><\/p>\n","protected":false},"author":1,"featured_media":0,"parent":0,"menu_order":0,"comment_status":"closed","ping_status":"closed","template":"","meta":[],"_links":{"self":[{"href":"https:\/\/forestales.ujed.mx\/dicaf\/wp-json\/wp\/v2\/pages\/20"}],"collection":[{"href":"https:\/\/forestales.ujed.mx\/dicaf\/wp-json\/wp\/v2\/pages"}],"about":[{"href":"https:\/\/forestales.ujed.mx\/dicaf\/wp-json\/wp\/v2\/types\/page"}],"author":[{"embeddable":true,"href":"https:\/\/forestales.ujed.mx\/dicaf\/wp-json\/wp\/v2\/users\/1"}],"replies":[{"embeddable":true,"href":"https:\/\/forestales.ujed.mx\/dicaf\/wp-json\/wp\/v2\/comments?post=20"}],"version-history":[{"count":2,"href":"https:\/\/forestales.ujed.mx\/dicaf\/wp-json\/wp\/v2\/pages\/20\/revisions"}],"predecessor-version":[{"id":554,"href":"https:\/\/forestales.ujed.mx\/dicaf\/wp-json\/wp\/v2\/pages\/20\/revisions\/554"}],"wp:attachment":[{"href":"https:\/\/forestales.ujed.mx\/dicaf\/wp-json\/wp\/v2\/media?parent=20"}],"curies":[{"name":"wp","href":"https:\/\/api.w.org\/{rel}","templated":true}]}}

<ol>
<li><strong>Objetivo institucional.</strong></li>
</ol>
<ul>
<li>Consolidar la oferta educativa de posgrado a nivel doctoral en el área de ciencias agropecuarias  y   forestales,   estableciendo   sinergias   entre   los   núcleos   de profesores e investigadores de tiempo completo y la disponibilidad común de infraestructura y recursos para contribuir a la formación de recursos humanos de calidad, pertinentes con el desarrollo sustentable de la región y del país.</li>
</ul>
<p><strong> </strong></p>
<ol start="2">
<li><strong> Objetivo general</strong></li>
</ol>
<ul>
<li>Formar doctores en Ciencias Agropecuarias y Forestales con enfoque integral altamente habilitados para generar y aplicar el conocimiento en forma original, innovadora y pertinente con impacto en la solución de la problemática agrícola, pecuaria, forestal y ambiental al nivel regional y nacional para contribuir al desarrollo sustentable del País.</li>
</ul>
<ol start="3">
<li><strong> Objetivos específicos</strong></li>
</ol>
<ul>
<li>Formar doctores que apliquen enfoques teórico-metodológicos de frontera para que desarrollen investigación con una visión holística.</li>
<li>Procurar que el egresado desarrolle conocimiento científico tecnológico para la atención de las necesidades sociales y los problemas de la realidad agropecuaria y forestal, de tal modo que se constituyan en objetos de investigación de acuerdo a las  Líneas  de  Generación  y  Aplicación  del  Conocimiento  (LGyAC)  de  los Cuerpos Académicos que participan en el program</li>
<li>Promover que el egresado de este programa diseñe tecnologías susceptibles de validación y aplicación en la solución de la problemática actual de los sectores agrícola, pecuario y forestal del Estado y del País.</li>
<li>Formar a los alumnos en el proceso prospectivo científico-tecnológico que oriente el desarrollo de los sectores estratégicos de la región y del País.</li>
<li>Lograr que los egresados se formen con los criterios axiológicos, éticos y bioéticos que normen y garanticen el desarrollo y la seguridad humana.</li>
</ul>

<p>Objetivo institucional. Consolidar la oferta educativa de posgrado a nivel doctoral en el área de ciencias agropecuarias  y   forestales,   estableciendo   sinergias   entre   los   núcleos   de profesores e investigadores de tiempo completo y la disponibilidad común de infraestructura y recursos para <a href="https://forestales.ujed.mx/dicaf/objetivos-del-posgrado/" class="read-more">Leer mas&#8230;</a></p>
