{"id":24,"date":"2018-03-14T13:10:10","date_gmt":"2018-03-14T19:10:10","guid":{"rendered":"http:\/\/forestales.ujed.mx\/dicaf\/?page_id=24"},"modified":"2018-03-14T13:10:10","modified_gmt":"2018-03-14T19:10:10","slug":"perfil-de-ingreso","status":"publish","type":"page","link":"https:\/\/forestales.ujed.mx\/dicaf\/perfil-de-ingreso\/","title":{"rendered":"Perfil de ingreso"},"content":{"rendered":"<p>El aspirante al Doctorado Institucional\u00a0\u00a0 en Ciencias Agropecuarias y Forestales deber\u00e1 tener antecedentes acad\u00e9micos destacados a la(s) LGAC en que desarrollar\u00e1 su tesis de grado, adem\u00e1s de conocimientos en las \u00e1reas agr\u00edcola, pecuaria, silv\u00edcola, econ\u00f3mica, sociol\u00f3gica, estad\u00edstica e inform\u00e1tica, entre otras; habilidades\u00a0 en \u00a0el \u00a0manejo \u00a0de \u00a0comunidades biol\u00f3gicas, \u00a0tecnolog\u00edas, \u00a0gesti\u00f3n \u00a0de productos en el mercado, desarrollo comunitario y metodolog\u00edas de las disciplinas experimentales; adem\u00e1s de destrezas anal\u00edticas y operativas, individuales y colectivas, adem\u00e1s de la capacidad para la generaci\u00f3n y transmisi\u00f3n de conocimientos; as\u00ed como capacidad intelectual para en el an\u00e1lisis, s\u00edntesis y disposici\u00f3n para el trabajo interdisciplinario de investigaci\u00f3n en las Ciencias Agropecuarias y Forestales o \u00e1reas afines.<\/p>\n","protected":false},"excerpt":{"rendered":"<p>El aspirante al Doctorado Institucional\u00a0\u00a0 en Ciencias Agropecuarias y Forestales deber\u00e1 tener antecedentes acad\u00e9micos destacados a la(s) LGAC en que desarrollar\u00e1 su tesis de grado, adem\u00e1s de conocimientos en las \u00e1reas agr\u00edcola, pecuaria, silv\u00edcola, econ\u00f3mica, sociol\u00f3gica, estad\u00edstica e inform\u00e1tica, entre <a href=\"https:\/\/forestales.ujed.mx\/dicaf\/perfil-de-ingreso\/\" class=\"read-more\">Leer mas&#8230;<\/a><\/p>\n","protected":false},"author":1,"featured_media":0,"parent":0,"menu_order":0,"comment_status":"closed","ping_status":"closed","template":"","meta":[],"_links":{"self":[{"href":"https:\/\/forestales.ujed.mx\/dicaf\/wp-json\/wp\/v2\/pages\/24"}],"collection":[{"href":"https:\/\/forestales.ujed.mx\/dicaf\/wp-json\/wp\/v2\/pages"}],"about":[{"href":"https:\/\/forestales.ujed.mx\/dicaf\/wp-json\/wp\/v2\/types\/page"}],"author":[{"embeddable":true,"href":"https:\/\/forestales.ujed.mx\/dicaf\/wp-json\/wp\/v2\/users\/1"}],"replies":[{"embeddable":true,"href":"https:\/\/forestales.ujed.mx\/dicaf\/wp-json\/wp\/v2\/comments?post=24"}],"version-history":[{"count":1,"href":"https:\/\/forestales.ujed.mx\/dicaf\/wp-json\/wp\/v2\/pages\/24\/revisions"}],"predecessor-version":[{"id":25,"href":"https:\/\/forestales.ujed.mx\/dicaf\/wp-json\/wp\/v2\/pages\/24\/revisions\/25"}],"wp:attachment":[{"href":"https:\/\/forestales.ujed.mx\/dicaf\/wp-json\/wp\/v2\/media?parent=24"}],"curies":[{"name":"wp","href":"https:\/\/api.w.org\/{rel}","templated":true}]}}

<p>El aspirante al Doctorado Institucional   en Ciencias Agropecuarias y Forestales deberá tener antecedentes académicos destacados a la(s) LGAC en que desarrollará su tesis de grado, además de conocimientos en las áreas agrícola, pecuaria, silvícola, económica, sociológica, estadística e informática, entre otras; habilidades  en  el  manejo  de  comunidades biológicas,  tecnologías,  gestión  de productos en el mercado, desarrollo comunitario y metodologías de las disciplinas experimentales; además de destrezas analíticas y operativas, individuales y colectivas, además de la capacidad para la generación y transmisión de conocimientos; así como capacidad intelectual para en el análisis, síntesis y disposición para el trabajo interdisciplinario de investigación en las Ciencias Agropecuarias y Forestales o áreas afines.</p>

<p>El aspirante al Doctorado Institucional   en Ciencias Agropecuarias y Forestales deberá tener antecedentes académicos destacados a la(s) LGAC en que desarrollará su tesis de grado, además de conocimientos en las áreas agrícola, pecuaria, silvícola, económica, sociológica, estadística e informática, entre <a href="https://forestales.ujed.mx/dicaf/perfil-de-ingreso/" class="read-more">Leer mas&#8230;</a></p>
